*j + 998, -j = -2*p - 995. List the prime factors of j.
997
Suppose 2 + 68 = 5*l. Let r = 6 + l. Let q = r + -8. What are the prime factors of q?
2, 3
Let j = -588 - -981. List the prime factors of j.
3, 131
Let y(u) = -u**3 + 2*u + 5968. List the prime factors of y(0).
2, 373
Suppose -q = -3*q. Let b be 14 + 5 + (-1 - q). Let z = b + -3. List the prime factors of z.
3, 5
Let s(z) = -2*z + 221. List the prime factors of s(-7).
5, 47
Let o = 91 - 111. List the prime factors of -2*(-934)/12 + o/(-60).
2, 3, 13
Let j(k) = 6*k**3 - 11*k**2 + 4*k + 6. Let c(x) = 7*x**3 - 12*x**2 + 5*x + 5. Let a(o) = 5*c(o) - 6*j(o). List the prime factors of a(4).
5
Suppose -2*t - 11 - 10 = -5*p, -3*p + 23 = 4*t. Suppose -d - 48 = -2*f + 3, p*f - 4*d = 120. Suppose 3*a + f = 4*a. What are the prime factors of a?
2, 7
Let z = -13 - -15. Let v be (z/7)/(5/70). List the prime factors of 5 - (1 - (v - 6)).
2
Let p be 1 + (18/(-3))/(-2). Suppose 4*x = p*r - 0*r - 20, 0 = -4*x - r. Let l(f) = -22*f**3 + f**2 - 1. What are the prime factors of l(x)?
2, 11
Let d be 2/(128/(-60) + 2). Let u be 10/d + 460/6. Let w = 129 - u. What are the prime factors of w?
53
Suppose -2*w = 4*w + 168. List the prime factors of (-4)/(-14) - (1 + 3464/w).
3, 41
Let m = -20 - -22. Suppose g + 7 - 3 = 2*s, -4*g = m*s - 14. Suppose 1 = r + 2*i, 0 - 26 = -r + s*i. What are the prime factors of r?
11
What are the prime factors of 25/10 + (-1670)/(-4)?
2, 3, 5, 7
Suppose 2*n + 4*f - 4 + 0 = 0, 0 = -n + 4*f + 8. Suppose 87 = n*l - 65. Suppose 5*b - 32 = l. What are the prime factors of b?
2, 7
Suppose 3816 = 5*d - 6119. List the prime factors of d.
1987
Suppose 152*q - 165*q + 34112 = 0. What are the prime factors of q?
2, 41
Let n(x) = -543*x + 121. What are the prime factors of n(-8)?
5, 19, 47
Suppose 2*h + r - 20 = -r, 0 = 5*h - 5*r. Let i(s) = -6*s + 24. Let p be i(4). Suppose -5*c - h*q = -105, p = 3*c - 5*q - 41 + 2. List the prime factors of c.
2, 3
Let z = 1208 - 375. What are the prime factors of z?
7, 17
Suppose 4*v - 22 = 10. Suppose v*x = -3*x + 990. List the prime factors of x.
2, 3, 5
Suppose -17 = -d - 14. Let b be 11/((6/32)/d). Suppose -4*a - 60 = -b. List the prime factors of a.
29
Suppose z = 180 + 3. What are the prime factors of z?
3, 61
Let j(c) = 3*c**3 + c**2 - 2*c + 15. List the prime factors of j(3).
3, 11
Let z(j) = -j**2 + 33*j - 70. Suppose -5*x = y - 2*x - 34, -y + 22 = -3*x. List the prime factors of z(y).
2, 5, 7
Let r = 23 + -16. Let l = 50 + r. List the prime factors of l.
3, 19
Let m = 111 - 95. Suppose -m*g - 190 = -18*g. List the prime factors of g.
5, 19
Suppose 3*i + 567 = 4*i. Suppose 78 = -3*a + i. List the prime factors of a.
163
Let t be (-2 + 1)*-1 + -1. Let d = 5 + t. Suppose -d*q + 13 + 17 = 0. List the prime factors of q.
2, 3
Suppose 0 = 3*c + 12, 9*x + 2*c - 31885 = 6*c. What are the prime factors of x?
3541
Suppose 0 = 6*d - 9*d + 6. Suppose -5*l = -3*y - y - 290, d*y + 118 = 2*l. What are the prime factors of l?
2, 3
Let n(s) = -4*s**2 + 15*s + 4. Let g be n(8). Let u = 194 + g. What are the prime factors of u?
2, 31
Let p(d) = 3*d**3 + 3*d**2 - 5*d - 11. Let n be p(5). Let b = n + -171. Suppose 5*c = l + b, 2*c + c - 151 = -2*l. What are the prime factors of c?
7
Suppose -4*o + 3 = 5*w - 31, 3*o + 4*w - 26 = 0. What are the prime factors of o/8 + 105/4?
3
Let v = 9 - -41. Suppose s = -k + v - 7, 0 = 3*s - 5*k - 113. Suppose 5*y - 12 = -i + 9, -5*y = -4*i - s. What are the prime factors of y?
5
Suppose -3*v + f = -0*f - 9, -2*v - 3*f + 6 = 0. Let t be 3*5 - (v + 1). Suppose -34 = 9*j - t*j. What are the prime factors of j?
17
Suppose s - 4*a = 975 - 29, 1897 = 2*s - 3*a. What are the prime factors of s?
2, 5, 19
Suppose -5*f - 58 = -78. Suppose f*j - 7*j = -234. What are the prime factors of j?
2, 3, 13
Let k = -248 - -368. Let p = k - 72. List the prime factors of p.
2, 3
Let v(p) = 2*p**2 + 3*p + 5. Let a = 56 + -52. What are the prime factors of v(a)?
7
Suppose 2*i + 3282 = 2*n, 13 = -4*i + 17. List the prime factors of n.
2, 821
Let x = -52 - -58. What are the prime factors of 18/12*(844/x + 0)?
211
Let p = 310 - 308. List the prime factors of p.
2
Let n(v) = -4*v - 4 - 4*v - 5*v. Suppose 0 = -4*o + 4*k + 4, -2*k = 5*o - k + 19. List the prime factors of n(o).
5, 7
Let c(x) = -2*x - 4. Let r be c(-5). Let d(u) = 4*u - 20. Let v be d(r). Suppose -v*f + 100 + 2 = 5*z, 3*f + 4*z = 77. List the prime factors of f.
23
Let n(x) = -40*x + 2. Let c = 3 + -1. Let o be n(c). Let r = o - -116. What are the prime factors of r?
2, 19
Suppose 2*a - 5*a - 234 = 0. Let b = 27 - a. Suppose -4*o = -b + 25. List the prime factors of o.
2, 5
Suppose -3*w = -4*w + 11. Let d = w - 21. List the prime factors of ((-88)/d)/(16/40).
2, 11
What are the prime factors of (-215271)/(-289) - (-2)/17?
5, 149
Let o be ((-5)/(-2))/(-3*(-25)/60). Suppose -o*h + 3*n = -5*h + 63, -4*h + 3*n = -112. What are the prime factors of h?
5
Suppose -21 + 0 = -7*w. Suppose -5*q = -g + 231, 0 = -q + w*q + 2. List the prime factors of g.
2, 113
Suppose -6*n + 2871 = 5*n. What are the prime factors of n?
3, 29
Let i(k) = k + 69. Suppose 4*h = -10*h. What are the prime factors of i(h)?
3, 23
Suppose c + 8 = -4*n - 19, 5*c + 2*n = -81. Let y = -36 - c. List the prime factors of (12/7)/((-6)/y).
2, 3
Let m be ((-2)/(-8))/((-6)/(-24)). List the prime factors of m/(-2) + 69/2.
2, 17
Let a(m) = -130*m**2 - 6 + 0*m**3 + 132*m**2 + m**3 - 5*m. Let c be a(-3). Suppose c*g = -g - 3*n + 52, -3*g - n + 156 = 0. What are the prime factors of g?
2, 13
Suppose 0 = -4*z + 27 - 147. What are the prime factors of 5*4/z*-6?
2
Let i(o) = 0*o - 2 + 2*o + 4*o. Suppose 111*t - 15 = 108*t. What are the prime factors of i(t)?
2, 7
Let u(o) = -2*o - 1. Let l be u(-15). Let a = l - -18. List the prime factors of a.
47
Suppose -25534 + 9364 = -30*m. List the prime factors of m.
7, 11
List the prime factors of 4938*11/(-11 + 44).
2, 823
Let l be -2 + 3 + 3 + 1. Suppose -6 - 39 = l*d. Let s(h) = h**3 + 8*h**2 - 14*h - 9. What are the prime factors of s(d)?
2, 3
Let t be 2 - (1 + -6)/1. Suppose 2*r + 13 = 3*n, t*r = 4*r - n - 36. Let c(b) = -b**3 - 11*b**2 - 4*b - 16. What are the prime factors of c(r)?
2, 7
Let f(q) be the first derivative of -17/3*q**3 + 0*q + 1/4*q**4 + 6 - 8*q**2. List the prime factors of f(18).
2, 3
Suppose 15 = -0*u + 2*u - 3*t, 3*u - 5 = t. Suppose 5*y = 3*k + 4*y - 122, u = -2*k - 3*y + 85. List the prime factors of k.
41
Let i = 5 + -89. What are the prime factors of 3 - (i - 0/4)?
3, 29
List the prime factors of 264*(8 - (-3 - -1)).
2, 3, 5, 11
Suppose -p + 0*o + 5*o = -129, -3*p = 2*o - 421. What are the prime factors of p?
139
Suppose r - 2*y - 424 = -3*r, -319 = -3*r + y. Suppose 0 = -5*n + 28 + r. Let i = n + -18. List the prime factors of i.
3
Let q = -6 + 8. Suppose q*s = b + 15, -4*s + 38 = -2*b - 2*s. Let w = 40 + b. List the prime factors of w.
17
Let l = 93 - 91. Suppose l*v + v - 93 = 0. What are the prime factors of v?
31
Let t = -30 - -3168. What are the prime factors of t?
2, 3, 523
Suppose 2487 = 3*z + 336. What are the prime factors of z?
3, 239
Let s(k) = 1314*k - 50. What are the prime factors of s(3)?
2, 7, 139
List the prime factors of 23706/14 - -8*8/(-224).
1693
Let i(g) = -20*g + 21. Let r be i(-6). Let w = 116 - 192. Let h = r + w. What are the prime factors of h?
5, 13
Suppose -13*g = -14*g - 1. Let h = 3 - g. Suppose 4 = -2*f - h*r, -2*r + 5 + 1 = 2*f. List the prime factors of f.
2
Suppose 0 = 11*j - 16*j + 10. Let l = j - 2. Suppose l*y - 2*y = -38. What are the prime factors of y?
19
Let o = 594 - -244. What are the prime factors of o?
2, 419
Let x = -5 - -5. Suppose -5*t - 341 + 61 = x. Let b = t + 78. List the prime factors of b.
2, 11
Suppose -h + 6 = -5. List the prime factors of 0 + 1432/h + 14/(-77).
2, 5, 13
Let j = 14 + -12. Let s = 7 - 4. Suppose 4*o = h + 38, -o - 4 = -j*o + s*h. List the prime factors of o.
2, 5
Suppose -8*z = -7*z - 4. Suppose 5*t = -s + 859, z = 2*s - 4. List the prime factors of t.
3, 19
Let s = 39 + 183. Suppose 0 = -4*h - 3*m - s, 40 = -3*h + 5*m - 112. Let c = 76 + h. What are the prime factors of c?
2, 11
Let p(x) = -3 - 7*x**2 - x**3 + 4 + 5*x + 8*x - 2*x. List the prime factors of p(-9).
2
Let h(m) = m**2 - 3*m - 70. What ar